s 113 divide 1028086732?
False
Is 186 a factor of 31165044?
True
Does 8 divide 26475144?
True
Does 947 divide 65801348?
True
Is 34249001 a multiple of 25?
False
Is 8 a factor of 93054240?
True
Does 38 divide 594116?
False
Is 121 a factor of 5499571?
True
Does 194 divide 33383045?
False
Does 230 divide 2169385530?
True
Does 143 divide 5309471375?
False
Is 324 a factor of 2669623053?
False
Is 1222 a factor of 1798595812?
True
Is 135255312 a multiple of 2139?
False
Does 4 divide 478296?
True
Does 90 divide 37284030?
True
Does 12 divide 2050701120?
True
Is 3 a factor of 200330096?
False
Is 13728161 a multiple of 967?
False
Is 649562002 a multiple of 3019?
True
Does 35 divide 27646923?
False
Does 72 divide 5622840?
True
Is 205 a factor of 73374022?
False
Is 15 a factor of 10490025?
True
Does 5912 divide 158997328?
True
Is 63349311 a multiple of 47?
False
Is 589184065 a multiple of 43?
True
Is 186 a factor of 18263526?
True
Does 3100 divide 550994000?
True
Does 161 divide 106253560?
True
Is 276413166 a multiple of 9?
True
Is 45 a factor of 1578514725?
True
Does 4 divide 101197088?
True
Is 248926372 a multiple of 3074?
True
Does 100 divide 538691800?
True
Is 16925840 a multiple of 25?
False
Does 23 divide 109020713?
True
Is 464 a factor of 94093632?
True
Is 23466448 a multiple of 177?
False
Is 1364 a factor of 287262492?
True
Does 204 divide 25162884?
False
Does 49 divide 1008365674?
False
Does 3 divide 456364620?
True
Is 22844500 a multiple of 107?
True
Does 5 divide 18189790?
True
Is 75 a factor of 12642664?
False
Is 30 a factor of 251982240?
True
Is 52047256 a multiple of 125?
False
Is 16 a factor of 90480640?
True
Is 497007647 a multiple of 10?
False
Is 32 a factor of 60038547?
False
Does 145 divide 472729527?
False
Is 43 a factor of 155416792?
True
Is 101735256 a multiple of 2796?
True
Is 733 a factor of 700425772?
False
Is 2746498908 a multiple of 92?
True
Does 206 divide 463772852?
False
Is 1468 a factor of 85522009?
False
Is 121 a factor of 1175703218?
False
Does 49 divide 12521240?
False
Is 9215572 a multiple of 94?
True
Is 88269469 a multiple of 99?
False
Is 154284545 a multiple of 26?
False
Is 22 a factor of 335771169?
False
Is 2095992 a multiple of 27?
False
Does 20 divide 152489280?
True
Does 24 divide 31431672?
True
Is 137 a factor of 232640468?
False
Is 1940 a factor of 1777431880?
True
Is 1107453304 a multiple of 817?
True
Is 9 a factor of 1034502393?
False
Does 27 divide 29825739?
True
Is 42 a factor of 11434048?
False
Is 36771884 a multiple of 986?
True
Does 21 divide 3953726007?
True
Does 1578 divide 660490836?
True
Is 202 a factor of 50406377?
False
Is 219457841 a multiple of 259?
False
Does 471 divide 13811133?
True
Is 188145301 even?
False
Does 1814 divide 212723210?
False
Is 205030869 a multiple of 69?
False
Is 290 a factor of 430940?
True
Is 472 a factor of 29569843?
False
Is 15 a factor of 608136750?
True
Is 31257332 a multiple of 18?
False
Is 100934652 a multiple of 7?
True
Does 41 divide 26658655?
False
Is 2578426116 a multiple of 651?
True
Does 43 divide 56642344?
False
Does 44 divide 25420604?
True
Does 20 divide 190305750?
False
Does 26 divide 19260885?
False
Is 3704 a factor of 60501136?
True
Does 18 divide 53015940?
True
Is 21906519 a multiple of 2303?
False
Does 253 divide 81416665?
True
Is 12258624 a multiple of 147?
True
Is 1014 a factor of 85138022?
False
Does 867 divide 8363949?
True
Is 4101 a factor of 101811426?
True
Is 1320039936 a multiple of 576?
True
Does 18 divide 31847238?
True
Is 33 a factor of 63495993?
True
Is 58475367 a multiple of 28?
False
Is 973243860 a multiple of 10?
True
Is 993202377 a multiple of 3043?
False
Is 868 a factor of 179933796?
True
Is 3 a factor of 36200438?
False
Does 12 divide 202565928?
True
Does 2546 divide 354925130?
True
Is 958 a factor of 4149098?
True
Is 13 a factor of 47209123?
True
Is 66513733 a multiple of 1259?
False
Is 22 a factor of 44564344?
True
Is 59 a factor of 32122373?
True
Does 77 divide 56000945?
True
Is 626923 a multiple of 2?
False
Is 154433848 a multiple of 101?
True
Does 13 divide 2570257030?
False
Is 4729995 a multiple of 144?
False
Does 1153 divide 416625020?
True
Does 8 divide 68382811?
False
Is 1708 a factor of 46920627?
False
Is 37 a factor of 769506390?
True
Is 166774020 a multiple of 6?
True
Does 19 divide 157004870?
False
Does 24 divide 140055011?
False
Is 524850304 a multiple of 18?
False
Does 2274 divide 19959919?
False
Does 4496 divide 43453840?
True
Is 17 a factor of 1096176505?
False
Is 10106992 a multiple of 14?
True
Is 5933025 a multiple of 926?
False
Is 6081 a factor of 826268037?
True
Is 225468997 a multiple of 29?
True
Is 40 a factor of 18574237?
False
Is 19620955 a multiple of 34?
False
Is 2079210777 a multiple of 7203?
True
Does 128 divide 30104192?
True
Is 242 a factor of 45058381?
False
Is 2207 a factor of 854459913?
True
Is 9 a factor of 7023939?
False
Does 374 divide 2865314?
False
Is 906854493 a multiple of 15?
False
Is 71925333 a multiple of 12?
False
Is 176758062 a multiple of 2?
True
Is 62 a factor of 2347291592?
False
Is 26 a factor of 415312638?
True
Is 127916961 a multiple of 8?
False
Is 960341 a multiple of 16?
False
Does 306 divide 1212817213?
False
Does 103 divide 55052565?
False
Is 511 a factor of 1354741227?
True
Does 12472 divide 1746854019?
False
Is 1645 a factor of 389414270?
True
Does 7634 divide 2999032168?
True
Is 7288036 a multiple of 68?
True
Is 1253294 a multiple of 188?
False
Is 2549 a factor of 906184794?
True
Is 15 a factor of 941505408?
False
Is 71326196 a multiple of 440?
False
Is 20 a factor of 89035429?
False
Is 165918305 a multiple of 468?
False
Does 4 divide 294320689?
False
Is 7763320 a multiple of 20?
True
Is 6 a factor of 306250344?
True
Does 1739 divide 407581603?
True
Is 5205334 a multiple of 1423?
True
Is 15 a factor of 72637905?
True
Does 237 divide 165573414?
True
Does 2106 divide 512420544?
False
Is 2045749039 a multiple of 709?
False
Is 647 a factor of 14320611?
False
Does 814 divide 325410784?
False
Does 1368 divide 36042696?
True
Is 166 a factor of 130328922?
False
Is 5 a factor of 111436115?
True
Is 22015753 a multiple of 738?
False
Does 7 divide 2145492405?
True
Is 23 a factor of 15668513?
False
Is 13 a factor of 165418357?
True
Is 231339962 a multiple of 1166?
False
Is 158071178 a multiple of 486?
False
Is 1612828736 a multiple of 116?
True
Is 82 a factor of 235871852?
True
Does 6 divide 34214640?
True
Is 127 a factor of 927168121?
False
Is 81 a factor of 346694434?
False
Is 46 a factor of 5515862?
False
Is 457032939 a multiple of 5459?
True
Is 26 a factor of 2111569304?
True
Does 12 divide 86446404?
True
Is 5389 a factor of 115351341?
False
Is 13388 a factor of 1511522346?
False
Does 108 divide 16293741?
False
Does 15 divide 18696449?
False
Is 115 a factor of 264094862?
False
Is 938 a factor of 23285850?
True
Is 12 a factor of 22522836?
True
Is 3385071 a multiple of 23?
True
Does 101 divide 98962824?
False
Is 1198465842 a multiple of 28?
False
Is 19670370 a multiple of 1761?
True
Is 5 a factor of 15580476?
False
Is 462724434 a multiple of 1077?
True
Is 120 a factor of 1600705200?
True
Is 9 a factor of 15804449?
False
Is 5 a factor of 191929350?
True
Is 77 a factor of 832472564?
True
Does 24 divide 30839940?
False
Is 215 a factor of 122400770?
False
Is 255 a factor of 47983326?
False
Is 13 a factor of 5714202?
True
Is 1965213240 a multiple of 381?
True
Is 15962 a factor of 1963326000?
True
Is 108829154 a multiple of 14?
True
Is 278 a factor of 2466138?
True
Is 802794888 a multiple of 18?
True
Does 303 divide 1745471496?
True
Does 14 divide 13281616?
False
Is 18720856 a multiple of 14?
True
Does 67 divide 240603901?
True
Does 86 divide 71863131?
False
Is 500 a factor of 779866000?
True
Does 508 divide 14313760?
False
Does 119 divide 44833726?
True
Is 54845130 a multiple of 211?
False
Does 2137 divide 89480869?
False
Is 79016247 a multiple of 23?
True
Is 722475703 a multiple of 92?
False
Does 3798 divide 185526919?
False
Is 1185993060 a multiple of 20?
True
Is 154595726 a multiple of 3?
False
Is 12 a factor of 251937432?
True
Is 2533 a factor of 53066978?
False
Does 172 divide 96487184?
True
Is 6570 a factor of 799457310?
True
Is 3001 a factor of 74244848?
False
Is 80 a factor of 12596560